{"id":13,"date":"2016-07-03T15:23:55","date_gmt":"2016-07-03T15:23:55","guid":{"rendered":"http:\/\/savvislive.com\/?page_id=13"},"modified":"2016-07-03T15:23:55","modified_gmt":"2016-07-03T15:23:55","slug":"kontakta-mig","status":"publish","type":"page","link":"https:\/\/savvislive.com\/?page_id=13","title":{"rendered":"Kontakta mig"},"content":{"rendered":"<p>Ifall ni vill komma i kontakt med mig s\u00e5 f\u00e5r ni sj\u00e4lvklart skicka ett e-post meddelande till <a href=\"http:\/\/natur@savvislive.com\">natur@savvislive.com<\/a><\/p>\n","protected":false},"excerpt":{"rendered":"<p>Ifall ni vill komma i kontakt med mig s\u00e5 f\u00e5r ni sj\u00e4lvklart skicka ett e-post meddelande till natur@savvislive.com<\/p>\n","protected":false},"author":1,"featured_media":0,"parent":0,"menu_order":0,"comment_status":"closed","ping_status":"closed","template":"","meta":{"footnotes":""},"class_list":["post-13","page","type-page","status-publish","hentry"],"_links":{"self":[{"href":"https:\/\/savvislive.com\/index.php?rest_route=\/wp\/v2\/pages\/13","targetHints":{"allow":["GET"]}}],"collection":[{"href":"https:\/\/savvislive.com\/index.php?rest_route=\/wp\/v2\/pages"}],"about":[{"href":"https:\/\/savvislive.com\/index.php?rest_route=\/wp\/v2\/types\/page"}],"author":[{"embeddable":true,"href":"https:\/\/savvislive.com\/index.php?rest_route=\/wp\/v2\/users\/1"}],"replies":[{"embeddable":true,"href":"https:\/\/savvislive.com\/index.php?rest_route=%2Fwp%2Fv2%2Fcomments&post=13"}],"version-history":[{"count":1,"href":"https:\/\/savvislive.com\/index.php?rest_route=\/wp\/v2\/pages\/13\/revisions"}],"predecessor-version":[{"id":14,"href":"https:\/\/savvislive.com\/index.php?rest_route=\/wp\/v2\/pages\/13\/revisions\/14"}],"wp:attachment":[{"href":"https:\/\/savvislive.com\/index.php?rest_route=%2Fwp%2Fv2%2Fmedia&parent=13"}],"curies":[{"name":"wp","href":"https:\/\/api.w.org\/{rel}","templated":true}]}}